culate the remainder when j is divided by f.
8
Let d(c) = 88*c - 99. Let g be d(6). Let w = -13 + g. What is the remainder when w is divided by 14?
10
Let o be 111/39 - 3 - 6256/(-104). Let l = o - 95. Let s = l - -41. What is the remainder when 18 is divided by s?
0
Suppose -5*j + 3*q + 88 = 0, -20*j - 4*q + 47 = -17*j. Suppose -27*m + 200 = -j*m. What is the remainder when m is divided by 13?
7
Suppose 3*x + 10 = -4*o + 62, -2*x + 3*o + 12 = 0. Suppose -2*w - x*w = -1708. Calculate the remainder when w is divided by 207/5 - 16/40.
40
What is the remainder when 1172 is divided by (-140)/(-6)*(-54)/(-30)?
38
Let m be 0 - 3*(-28)/(-1). Suppose -69 = r + 5*k + 50, -2*k + 2 = 0. Let x = m - r. Calculate the remainder when 79 is divided by x.
39
Let z(n) = -n**3 + 9*n**2 + n - 6. Let r be z(9). Suppose -24 - 66 = -r*p. Let v = 2186 + -2128. Calculate the remainder when v is divided by p.
28
Suppose 0 = 3*z - 859 - 821. Suppose -z = -4*r - 212. Suppose 4*q + 2*o = -15 + 73, 2*q - 34 = 4*o. What is the remainder when r is divided by q?
12
Suppose 2*k = -10, 0 = 3*f - 5*k - 39 + 113. Let l = f - -110. Let p = -70 + l. Calculate the remainder when 20 is divided by p.
6
Let c(i) = -125*i - 1596. What is the remainder when c(-14) is divided by 20?
14
Let a = -277 - -290. Let r(i) = 48*i + 8. Calculate the remainder when r(1) is divided by a.
4
Let b = -54 + 44. Let p be (b - -8) + (6 - 0). Suppose 5*m + 15 + 33 = p*z, 4*m - 16 = 0. What is the remainder when 133 is divided by z?
14
Suppose y + 4*f = -152 + 50, f - 476 = 4*y. Let b = -100 - y. What is the remainder when 448 is divided by b?
16
Calculate the remainder when 224 is divided by (869/99 - 9)*-18 - -41.
44
Let n = 5 + -3. Suppose n*l - 92 = -2*l. Calculate the remainder when (-236800)/(-2664) + (-10)/(-9) is divided by l.
21
Suppose 61*i - 11346 = -418 + 11520. Calculate the remainder when 2179 is divided by i.
339
Let w = -469 + 609. Calculate the remainder when 564 is divided by w.
4
Suppose 2*h = 159 + 197 - 72. Calculate the remainder when h is divided by 11.
10
Let t = 976 + -843. What is the remainder when t is divided by 36?
25
Let k be 1 - (2 + -11 - -5). Suppose -k*y = y - 36. Suppose j = 5*s + y*j - 125, s - 25 = -4*j. What is the remainder when 67 is divided by s?
17
Suppose -2*q + 176 = -78. Calculate the remainder when q is divided by (-3)/((18/(-45))/((-136)/(-40) + -3)).
1
Let h(v) = v + 2*v + 42 + 6*v**2 - 7 - 2*v - 2*v. Calculate the remainder when 1 + (1 - 5*-41) is divided by h(0).
32
Suppose 0*j - j - 5*z = -11, -5*z + 29 = 4*j. What is the remainder when 27 is divided by (24/15)/(96/15 - j)?
3
Let k(n) = -10*n - 228. Calculate the remainder when 836/20 + (-3)/(-15) is divided by k(-23).
0
Suppose 3*u + 90 - 132 = 0. Calculate the remainder when 429 is divided by 510/u - (-81)/(-189).
33
Let t(n) = 128*n**2 + 5*n - 2. Let c be t(2). Suppose 0 = 136*l - 149*l + c. What is the remainder when l is divided by 11?
7
Let f(l) = l**3 + 160. Let s = 42749 - 42722. Calculate the remainder when f(0) is divided by s.
25
Let h = 2539 - 2075. Calculate the remainder when h is divided by 152.
8
Let u(j) = 2*j**3 - 5*j**2 + 16501*j - 16489*j + 18 - 9*j**2. What is the remainder when 610 is divided by u(6)?
16
Suppose -u = -2*z - 107, -3*u = 2*z + z - 285. What is the remainder when u is divided by ((-10)/(-140)*-7)/((-3)/90)?
9
Let g(q) = -39*q - 269. Let n be g(16). Let d = n - -1004. What is the remainder when d is divided by 2?
1
Suppose 649 = 119*p - 303. What is the remainder when 1*(33 + (-2 - 1)) is divided by p?
6
Suppose 2340 = 5*a + 2155. What is the remainder when 1921 is divided by a?
34
Suppose 12*k + 5*s = 15*k - 196, 4*k + 3*s = 213. What is the remainder when 851 is divided by k?
53
Let m(z) = 4*z**2 - 5*z - 1. Let d be m(2). Suppose 4*w + d*v - 286 = 0, 2*v - 7 = -11. Calculate the remainder when 210 is divided by w.
62
Suppose 0 = f - 4*m + 123 - 396, -546 = -2*f + 3*m. Suppose 2*c - f = -5*c. Let i = -42 - -50. What is the remainder when c is divided by i?
7
Let a(s) = -s**3 - 15*s**2 - 15*s + 19. Let b be a(-16). Suppose -6*p - b + 77 = 0. Let l = p + 83. Calculate the remainder when 58 is divided by l.
8
Suppose 0 = 5*x + 5*z + 745695, 0 = -9*x + 8*x - 3*z - 149145. What is the remainder when 519 is divided by 2/(-11) + (x/(-143))/16?
64
Let z(q) = 71*q + 3249. What is the remainder when z(-45) is divided by 45?
9
Let w = -860 - -875. Let y = 154 + -83. What is the remainder when y is divided by w?
11
Suppose 3*o + 4*v - 169 + 33 = 0, 5*v = -3*o + 134. Calculate the remainder when 140 is divided by o.
44
Let b be 2/(-2) + 12 + 4. Suppose 0 = 10*a + b - 175. Calculate the remainder when 127 is divided by a.
15
Let k = -8944 - -9320. Calculate the remainder when 758 is divided by k.
6
Suppose -5*l = 5*j - 145, -81 = -2*j - 3*l - 27. Calculate the remainder when 125 is divided by j.
26
Let v(y) = 2*y. Let i(f) = 17*f - 94. Let x = -85 + 91. Calculate the remainder when v(7) is divided by i(x).
6
Let a = -169 + 173. Calculate the remainder when 19 is divided by ((-3)/(9/a))/(12/(-18)).
1
Suppose -42 = -k + 5*t, 218 = 4*k - 2*t + 7*t. Suppose -80*q = -74*q - 5*w + 14, 4*q - 2*w + 4 = 0. What is the remainder when k is divided by q?
0
Let s(q) = -q**3 + 14*q**2 - 30*q - 14. Calculate the remainder when 272 is divided by s(11).
6
Let k(c) = -10*c - 57. Let g be k(-8). Suppose g*i - 5084 = -8*i. Calculate the remainder when i is divided by 38.
12
Let j = 21078 + -20943. Calculate the remainder when j is divided by 48.
39
Suppose 4*i + 2*i = 48. Suppose 1650 = -9*o + 64*o. What is the remainder when o is divided by i?
6
Suppose 11*x + 14 = 190. Let j be (-8 + 1)*x/(-56). Suppose d - 6 = -2*s, d = -j*s + s + 10. Calculate the remainder when d is divided by 2.
0
Suppose -2*s - 5 = -21. Suppose 2038*b + 230 = 2084*b. Calculate the remainder when s is divided by b.
3
Let y be (-144079)/208*-2 - 3/8. Suppose 22*c - y = 6645. Calculate the remainder when c is divided by 61.
60
Suppose -105 = -3*v + 3*u, -56 = 4*v + 5*u - 223. Calculate the remainder when v is divided by (-51)/(-7) - 12/42.
3
What is the remainder when 4587 is divided by ((-304)/228)/((-8)/162)?
24
Let w(k) = 42*k**2 + 4*k - 3. Calculate the remainder when w(3) is divided by 6/(-4)*(208/3)/(-4).
23
Calculate the remainder when 435 is divided by (-3 + 7)/(0 - 14/(-203)).
29
Let g(h) = 252*h - 2001. Let x(l) = 12*l + 8*l**2 + 10 - 1 + 0*l + l**3 - 2*l. Calculate the remainder when x(-6) is divided by g(8).
6
Suppose 391 = -a - i + 349, 5*a + 4*i = -207. Let c be (-1)/(-4) - (-526)/8. Let o = a + c. Calculate the remainder when 104 is divided by o.
23
Let z(r) = -126*r - 1. Let i = -1 - 0. Suppose 424*o - 526 = 343*o + 770. Calculate the remainder when z(i) is divided by o.
13
Let x(l) be the third derivative of l**4/12 - 7*l**3/6 + 9*l**2. Suppose 36 = 3*b - 21. What is the remainder when b is divided by x(9)?
8
Let w(d) be the third derivative of -d**5/60 + 13*d**4/24 + 28*d**3/3 - d**2 - 24. Calculate the remainder when 32 is divided by w(-3).
0
Let w = -4135 - -7729. Calculate the remainder when w is divided by 100.
94
Suppose 7*r - 3*r + 4*n - 28 = 0, 2*r + 3*n = 17. Let s(j) = 2 + j**2 - r + 2*j**2 - j**2 + 6*j. What is the remainder when 50 is divided by s(-5)?
14
Let l = -900 - -918. What is the remainder when 532 is divided by l?
10
Let r(a) = -10 + 11*a**2 + 407*a - 416*a + 4*a**2. What is the remainder when 96 is divided by r(-1)?
12
Let g = -16 - -27. Let u(w) = -w**3 + 10*w**2 + 151*w - 965. What is the remainder when u(6) is divided by g?
8
Suppose -4*s + 380 = 5*i, 0 = s + 2*i - 5*i - 78. Suppose -17*o - 3*o = 12*o - 736. What is the remainder when s is divided by o?
21
Let i(h) = -8*h - 183. Calculate the remainder when 142 is divided by i(-40).
5
Let b = -34 + 34. Let s = b + 23. What is the remainder when s is divided by 11?
1
Suppose -8 = 6*k - 56. Suppose 0 = -5*l + 23 - k. What is the remainder when 17 is divided by l?
2
Suppose -703*t + 2800 = -698*t. Calculate the remainder when t is divided by 170.
50
Let o = -108 + 65. Suppose -3*b = -5*u - 5*b + 76, -5*b + 54 = 4*u. Let q = u - o. Calculate the remainder when q is divided by 12.
11
Let a(k) = -k**3 + 18*k**2 + 29*k + 75. Calculate the remai